{"id":20,"date":"2017-04-22T11:20:55","date_gmt":"2017-04-22T11:20:55","guid":{"rendered":"https:\/\/ks-polica.si\/wordpress\/?page_id=20"},"modified":"2023-01-30T21:15:53","modified_gmt":"2023-01-30T20:15:53","slug":"kontakt","status":"publish","type":"page","link":"https:\/\/ks-polica.si\/?page_id=20","title":{"rendered":"Kontaktirajte nas"},"content":{"rendered":"<p><strong><img loading=\"lazy\" class=\"aligncenter wp-image-2536\" src=\"https:\/\/ks-polica.si\/wp-content\/uploads\/2018\/09\/Untitled-5.png\" alt=\"\" width=\"507\" height=\"305\" srcset=\"https:\/\/ks-polica.si\/wp-content\/uploads\/2018\/09\/Untitled-5.png 648w, https:\/\/ks-polica.si\/wp-content\/uploads\/2018\/09\/Untitled-5-300x181.png 300w\" sizes=\"(max-width: 507px) 100vw, 507px\" \/><\/strong><\/p>\n<p><strong>Imate vpra\u0161anje? Pi\u0161ite nam.<\/strong><\/p>\n<p>Svoje vpra\u0161anje nam lahko po\u0161ljete po elektronski po\u0161ti na <strong>ks.polica@gmail.com<\/strong>, lahko pa uporabite tudi spodnji obrazec.\u00a0<\/p>\n<div role=\"form\" class=\"wpcf7\" id=\"wpcf7-f67-o1\" lang=\"en-US\" dir=\"ltr\">\n<div class=\"screen-reader-response\" role=\"alert\" aria-live=\"polite\"><\/div>\n<form action=\"\/index.php?rest_route=%2Fwp%2Fv2%2Fpages%2F20#wpcf7-f67-o1\" method=\"post\" class=\"wpcf7-form init\" enctype=\"multipart\/form-data\" novalidate=\"novalidate\">\n<div style=\"display: none;\">\n<input type=\"hidden\" name=\"_wpcf7\" value=\"67\" \/>\n<input type=\"hidden\" name=\"_wpcf7_version\" value=\"5.2.2\" \/>\n<input type=\"hidden\" name=\"_wpcf7_locale\" value=\"en_US\" \/>\n<input type=\"hidden\" name=\"_wpcf7_unit_tag\" value=\"wpcf7-f67-o1\" \/>\n<input type=\"hidden\" name=\"_wpcf7_container_post\" value=\"0\" \/>\n<input type=\"hidden\" name=\"_wpcf7_posted_data_hash\" value=\"\" \/>\n<\/div>\n<p><label> Va\u0161 ime in priimek (obvezno):<br \/>\n    <span class=\"wpcf7-form-control-wrap your-name\"><input type=\"text\" name=\"your-name\" value=\"\" size=\"40\" class=\"wpcf7-form-control wpcf7-text wpcf7-validates-as-required\" aria-required=\"true\" aria-invalid=\"false\" \/><\/span> <\/label><\/p>\n<p><label> Va\u0161a e-po\u0161ta (obvezno):<br \/>\n    <span class=\"wpcf7-form-control-wrap your-email\"><input type=\"email\" name=\"your-email\" value=\"\" size=\"40\" class=\"wpcf7-form-control wpcf7-text wpcf7-email wpcf7-validates-as-required wpcf7-validates-as-email\" aria-required=\"true\" aria-invalid=\"false\" \/><\/span> <\/label><\/p>\n<p><label> Va\u0161a telefonska \/ GSM \u0161tevilka (obvezno):<br \/>\n<span class=\"wpcf7-form-control-wrap tel-269\"><input type=\"tel\" name=\"tel-269\" value=\"\" size=\"40\" class=\"wpcf7-form-control wpcf7-text wpcf7-tel wpcf7-validates-as-tel\" aria-invalid=\"false\" \/><\/span>  <\/label><\/p>\n<p><label> Zadeva (obvezno):<br \/>\n    <span class=\"wpcf7-form-control-wrap your-subject\"><input type=\"text\" name=\"your-subject\" value=\"\" size=\"40\" class=\"wpcf7-form-control wpcf7-text\" aria-invalid=\"false\" \/><\/span> <\/label><\/p>\n<p><label> Va\u0161e sporo\u010dilo (obvezno):<br \/>\n    <span class=\"wpcf7-form-control-wrap your-message\"><textarea name=\"your-message\" cols=\"40\" rows=\"10\" class=\"wpcf7-form-control wpcf7-textarea\" aria-invalid=\"false\"><\/textarea><\/span> <\/label><\/p>\n<p><label Datoteka<br \/>\n<span class=\"wpcf7-form-control-wrap file-986\"><input type=\"file\" name=\"file-986\" size=\"40\" class=\"wpcf7-form-control wpcf7-file\" accept=\".jpg,.jpeg,.png,.gif,.pdf,.doc,.docx,.ppt,.pptx,.odt,.avi,.ogg,.m4a,.mov,.mp3,.mp4,.mpg,.wav,.wmv\" aria-invalid=\"false\" \/><\/span> <\/label><\/p>\n<p><input type=\"submit\" value=\"Po\u0161lji\" class=\"wpcf7-form-control wpcf7-submit\" \/><\/p>\n<p>Opozorilo: Po 297. \u010dlenu Kazenskega zakonika je posameznik kazensko odgovoren za javno spodbujanje sovra\u0161tva, nasilja ali nestrpnosti.<\/p>\n<p>Pridr\u017eujemo si pravico, da ne objavljamo in ne odgovarjamo na vpra\u0161anja, ki vzpodbujajo nestrpnost, niso povezana z na\u0161im poslovanjem, so nekonstruktivna ali iz katerega koli drugega razloga niso primerna za objavo.<\/p>\n<div class=\"wpcf7-response-output\" role=\"alert\" aria-hidden=\"true\"><\/div><\/form><\/div>\n<p>Predlogi in pobude so namenjene posredovanju informacij k vsebinsko odgovornim subjektom. Za Krajevno skupnost ne predstavljajo obveze ali dol\u017enosti re\u0161evanja. Prijava nepravilnosti predstavlja zgolj informacijo in ne vloge po Zakonu o splo\u0161nem upravnem postopku (ZUP).<\/p>\n<p><b>Izjava o varovanju in uporabi prejetih podatkov:<\/b> Va\u0161e podatke, ki nam jih posredujete na spletni strani preko kontaktnega obrazca ali z prijavo na listo obve\u0161\u010danja preko elektronsko po\u0161te, bomo uporabili le za lastne poslovne potrebe (vzpostavitvi na\u0161ega medsebojnega poslovnega odnosa ali obve\u0161\u010danja). Skrbno jih bomo varovali in jih brez Va\u0161e predhodne odobritve ne bomo posredovali tretji strani.\u00a0 Osebni podatki se bodo zbirali, obdelovali in hranili v skladu z <a href=\"http:\/\/www.pisrs.si\/Pis.web\/pregledPredpisa?id=ZAKO7959\">Zakonom o varstvu osebnih podatkov (ZVOP-2)<\/a> ter <a href=\"https:\/\/eur-lex.europa.eu\/legal-content\/SL\/TXT\/?uri=CELEX%3A02016R0679-20160504\">Splo\u0161no uredbo o varstvu osebnih podatkov (GDPR)<\/a>.\u00a0<strong>Na prejeto e-po\u0161to izven delovnega \u010dasa bomo odgovarjali naslednji delovni dan.<\/strong><\/p>\n<p>V kolikor podajate predloge, pripombe, pohvale, prito\u017ebe ipd. prosimo, da nam posredujete \u010dim ve\u010d podatkov, ki nam bodo v pomo\u010d pri re\u0161evanju predmetne zadeve. Na prejeto po\u0161to bomo odgovorili v najkraj\u0161em mo\u017enem \u010dasu. Rok za odgovor pa se lahko podalj\u0161a v primeru, da je potrebno pridobiti informacije drugih organov.<\/p>\n<p><strong>Mo\u017eni na\u010dini naslavljanja vpra\u0161anj na KS Polica so:<\/strong><\/p>\n<p><strong>1. PISNO<\/strong><strong> &#8211; na naslov KS Polica, Polica<a href=\"https:\/\/www.google.si\/maps\/place\/Polica+46,+1290+Grosuplje\/data=!4m2!3m1!1s0x47652452ee86243f:0xd574f342e266341e?sa=X&amp;ved=0ahUKEwjI_MLfoeDTAhXEWSwKHTkjBkIQ8gEIHzAA\" target=\"_blank\" rel=\"noopener noreferrer\">\u00a0<\/a>200, 1290 Grosuplje (vpra\u0161anje ali pobuda morata biti postavljena tako, da je njegova vsebina jasno razvidna).<\/strong> Krajani in \u010dlani sveta KS postavljajo vpra\u0161anja in pobude praviloma pisno &#8211; le ta mora biti tudi lastnoro\u010dno podpisna poleg tega pa mora vsebovati ustrezna dokazila \u010de so potrebna katera pa so lahko poslana v izvirniku ali originalna.<\/p>\n<p>OPOMBE: \u010de je vpra\u0161anje poslano po po\u0161ti (priporo\u010deno), se \u0161teje, da je pravo\u010dasna, \u010de je oddana na po\u0161to priporo\u010deno, in sicer najkasneje zadnji dan roka za prijavo (v primeru, da gre za dolo\u010deno predmetno zadevo, ki je pogojena z zakonskim rokom oddaje).<\/p>\n<p>Za pisno obliko prijave se \u0161teje tudi elektronska oblika, poslana na elektronski naslov: <a href=\"mailto:ks.polica@gmail.com\" target=\"_blank\" rel=\"noopener noreferrer\">ks.polica@gmail.com<\/a>, pri \u010demer veljavnost prijave ni pogojena z elektronskim podpisom po\u0161iljatelja &#8211; mora biti pa nedvoumno razvidno kdo prijavo po\u0161ilja.<\/p>\n<p><strong>2. PO ELEKTRONSKI PO\u0160TI <\/strong><strong>&#8211; na elektronski naslov: <a href=\"mailto:ks.polica@gmail.com\" target=\"_blank\" rel=\"noopener noreferrer\">ks.polica@gmail.com<\/a>.<\/strong><\/p>\n<p><img loading=\"lazy\" class=\"size-medium wp-image-4251 alignright\" src=\"https:\/\/ks-polica.si\/wp-content\/uploads\/2020\/09\/KS-POLICA-2020-CERTIFIKAT-133x300.png\" alt=\"\" width=\"133\" height=\"300\" srcset=\"https:\/\/ks-polica.si\/wp-content\/uploads\/2020\/09\/KS-POLICA-2020-CERTIFIKAT-133x300.png 133w, https:\/\/ks-polica.si\/wp-content\/uploads\/2020\/09\/KS-POLICA-2020-CERTIFIKAT.png 177w\" sizes=\"(max-width: 133px) 100vw, 133px\" \/><\/p>\n<p><strong>Reklamacijo ra\u010dunov\u00a0<\/strong>sprejemamo pisno na naslov: Polica 200, 1290 Grosuplje s pripisom &#8220;reklamacija&#8221; ali po e-po\u0161ti na naslov: <a href=\"mailto:ks.polica@gmail.com\" target=\"_blank\" rel=\"noopener noreferrer\">ks.polica@gmail.com<\/a>. Reklamacijo vlo\u017eite takoj po prejetem ra\u010dunu oz najkasneje v roku 7. delovnih dni od prejema ra\u010duna. V reklamaciji natan\u010dno obrazlo\u017eite zakaj vlagate reklamacijo in prilo\u017eite ustrezna dokazila (ra\u010dun, dopis ipd).<\/p>\n\n\n<ul class=\"wp-block-social-links\"><li class=\"wp-social-link wp-social-link-facebook wp-block-social-link\"><a href=\"https:\/\/www.facebook.com\/krajevnaskupnostpolica\" aria-label=\"Facebook\" > <svg width=\"24\" height=\"24\" viewBox=\"0 0 24 24\" version=\"1.1\" xmlns=\"http:\/\/www.w3.org\/2000\/svg\" role=\"img\" aria-hidden=\"true\" focusable=\"false\"><path d=\"M12 2C6.5 2 2 6.5 2 12c0 5 3.7 9.1 8.4 9.9v-7H7.9V12h2.5V9.8c0-2.5 1.5-3.9 3.8-3.9 1.1 0 2.2.2 2.2.2v2.5h-1.3c-1.2 0-1.6.8-1.6 1.6V12h2.8l-.4 2.9h-2.3v7C18.3 21.1 22 17 22 12c0-5.5-4.5-10-10-10z\"><\/path><\/svg><\/a><\/li>\n\n\n\n\n\n\n\n<\/ul>\n\n\n\n<ul class=\"wp-block-social-links\">\n\n\n\n\n\n\n\n<\/ul>\n\n\n\n<p><\/p>\n","protected":false},"excerpt":{"rendered":"<p>Imate vpra\u0161anje? Pi\u0161ite nam. Svoje vpra\u0161anje nam lahko po\u0161ljete po elektronski po\u0161ti na ks.polica@gmail.com, lahko pa uporabite tudi spodnji obrazec.\u00a0 Predlogi in pobude so namenjene posredovanju informacij k vsebinsko odgovornim subjektom. Za Krajevno skupnost ne predstavljajo obveze ali dol\u017enosti re\u0161evanja. Prijava nepravilnosti predstavlja zgolj informacijo in ne vloge po Zakonu o splo\u0161nem upravnem postopku (ZUP). [&hellip;]<\/p>\n","protected":false},"author":1,"featured_media":0,"parent":0,"menu_order":0,"comment_status":"closed","ping_status":"closed","template":"","meta":[],"_links":{"self":[{"href":"https:\/\/ks-polica.si\/index.php?rest_route=\/wp\/v2\/pages\/20"}],"collection":[{"href":"https:\/\/ks-polica.si\/index.php?rest_route=\/wp\/v2\/pages"}],"about":[{"href":"https:\/\/ks-polica.si\/index.php?rest_route=\/wp\/v2\/types\/page"}],"author":[{"embeddable":true,"href":"https:\/\/ks-polica.si\/index.php?rest_route=\/wp\/v2\/users\/1"}],"replies":[{"embeddable":true,"href":"https:\/\/ks-polica.si\/index.php?rest_route=%2Fwp%2Fv2%2Fcomments&post=20"}],"version-history":[{"count":71,"href":"https:\/\/ks-polica.si\/index.php?rest_route=\/wp\/v2\/pages\/20\/revisions"}],"predecessor-version":[{"id":4639,"href":"https:\/\/ks-polica.si\/index.php?rest_route=\/wp\/v2\/pages\/20\/revisions\/4639"}],"wp:attachment":[{"href":"https:\/\/ks-polica.si\/index.php?rest_route=%2Fwp%2Fv2%2Fmedia&parent=20"}],"curies":[{"name":"wp","href":"https:\/\/api.w.org\/{rel}","templated":true}]}}